t - 21 = 0, -14 = -3*d - 2*i. Suppose 4*h - 42 = d. List the prime factors of h.
11
Suppose -447 = -7*o + 736. Suppose -j + 3*j - 111 = -c, 3*j + 4*c = o. What are the prime factors of j?
5, 11
Let r = -2582 + 5274. List the prime factors of r.
2, 673
Let w(p) = p**2 + 6*p + 5. Let q be w(-4). Let f(c) be the second derivative of -5*c**3/6 - c**2/2 + 64*c. List the prime factors of f(q).
2, 7
Suppose 737 + 306 = s + 5*a, 5*s + 4*a - 5215 = 0. List the prime factors of s.
7, 149
Let k = -812 - -1231. List the prime factors of k.
419
Let p = 467 + 566. What are the prime factors of p?
1033
Let x be ((-6)/(-8))/(27/252). Suppose -x*l + 128 = -3*l. List the prime factors of l.
2
Let z(h) = 16*h + 194. What are the prime factors of z(0)?
2, 97
Suppose -q + 29 = -10. Suppose -5*w - 4 + q = 0. Suppose -3*n + 8 + w = g, 30 = 2*g + n. List the prime factors of g.
3, 5
Let k(o) = -18*o + 293. List the prime factors of k(12).
7, 11
Suppose 0 = -58*k + 70*k - 20256. List the prime factors of k.
2, 211
Suppose -7*r = 10 - 5029. What are the prime factors of r?
3, 239
Let r(x) = -81*x**3 - 4*x**2 + 20*x + 62. What are the prime factors of r(-3)?
2153
Let h be 39 - (-5 - -3 - -6). Suppose h = 4*u - 5*g, 0 = 3*u - u + 4*g - 50. What are the prime factors of u?
3, 5
Let p be (1 - -3) + 248/(-8). What are the prime factors of 415/9 + 3/p?
2, 23
Let n(s) = 119*s - 138. List the prime factors of n(5).
457
Suppose -w + 3*w + 10 = -3*j, -3*w = 3*j + 15. Suppose 3*h + 2*u - 4*u - 32 = j, -4 = -2*u. Suppose 3*y - 45 = h. What are the prime factors of y?
19
Let v(f) = f**2 - 4*f - 1. Let y be v(3). Let x be (-282)/(-42) - y/14. Suppose x*j - 9*j = -28. List the prime factors of j.
2, 7
Let u(p) = -p**2 + 9*p - 5. Let i be u(8). Let h be (1/3*0)/i. Suppose h = w - 6*w - 3*j + 85, -5*j = -w - 11. What are the prime factors of w?
2, 7
Suppose 0 = -3*n + 4*h + 725, -5*h - 474 = -4*n + 2*n. Let s = n - 170. What are the prime factors of s?
7, 11
Let n(p) = -53*p - 39. Let q be n(-9). Suppose -2*b = 3*a - q, -b + 4*a = -4*b + 655. What are the prime factors of b?
3, 71
Let t be -41*(-3 + -4 + 2). Let j = t + -145. What are the prime factors of j?
2, 3, 5
Let j(q) = 4*q - 23. Let b be j(10). List the prime factors of (b/34)/((-2)/(-380)).
5, 19
Suppose 8*d + 525 = -179. Let a = d + 120. List the prime factors of a.
2
Suppose -2*k - t = -3, -3 = -2*k - k - 2*t. Suppose 2*v = 5*c + 3*v - 261, -3*c = -k*v - 171. What are the prime factors of c?
53
Let b be 4 + (6 - (-4 + 3)). Suppose b*l = -4*l + 1080. What are the prime factors of l?
2, 3
Let d(a) = a**2 + 8*a - 5. Let b be d(-10). List the prime factors of (-637)/(-35) + (-3)/b.
2, 3
Let u(j) = -6*j + 14. Let r be u(2). Suppose -r*c + 116 = 2*q, 252 = 4*q - 0*q - c. List the prime factors of q.
2, 31
Suppose 309534 = 28*u + 41*u. What are the prime factors of u?
2, 2243
Suppose 57*b = 44*b + 3575. List the prime factors of b.
5, 11
Let x(t) = -2792*t + 78. List the prime factors of x(-1).
2, 5, 7, 41
Suppose -79 = -4*w + 269. Let q(m) = -m**3 + 15*m**2 + 55*m + 15. Let d be q(18). Suppose -3*j = 2*o + d - 120, 0 = 3*j - 2*o - w. List the prime factors of j.
29
Suppose 5*c + 240 = -0*c + 2*w, 0 = 3*c + 5*w + 144. Let o = 314 + c. List the prime factors of o.
2, 7, 19
Let w(f) = -11*f - 52. Let t be w(-5). Suppose 2*n = -3*a + 421, -t*n + 9*a - 4*a + 660 = 0. What are the prime factors of n?
5, 43
Let f = 1365 + -270. Suppose -f = 3*i - 8*i. List the prime factors of i.
3, 73
Let v be (-36)/(-2 - 48/(-27)). Suppose 0 = -t + 3*q + 38, 3*q - v = -4*t - 55. List the prime factors of t.
29
Suppose -10 - 5 = 5*k. List the prime factors of 8 + k*2 + 3.
5
Suppose -44*d + 55*d - 5038 = 0. What are the prime factors of d?
2, 229
Let z(h) = 2*h + 9. Let a be z(-3). Suppose 200 = 3*q - 4*s + 35, -a*q + 168 = -5*s. What are the prime factors of q?
3, 17
Let s be ((-42)/(-6))/((-1)/(-37)). Suppose -255*n = -s*n + 752. List the prime factors of n.
2, 47
Suppose -10*l + 14*l - 15088 = 4*s, -2*l + 7540 = 2*s. What are the prime factors of l?
3, 419
Let j(c) = -2*c - c - 23 + 24. Let s be j(3). Let g(r) = -r**3 - 9*r**2 - 10*r - 7. List the prime factors of g(s).
3
Let c(d) be the first derivative of -d**4/4 + 7*d**3/3 + 2*d**2 + 4*d - 14. What are the prime factors of c(7)?
2
Let n be -2 + 0 + (1 - -1). Suppose 8*v - 6*v - 30 = n. Suppose l - 42 - v = 0. What are the prime factors of l?
3, 19
Let m be 36/14*84/(-18). What are the prime factors of ((-160)/m)/(2 - 48/27)?
2, 3, 5
Suppose -131 + 451 = 4*z. Suppose -286 = -2*c - z. List the prime factors of c.
103
Let l(r) = 2 + 63*r + 5*r**2 - 63*r + r**3. What are the prime factors of l(-4)?
2, 3
Suppose x - 4*x - 69 = 0. Let g = -70 - -111. Let i = g + x. List the prime factors of i.
2, 3
What are the prime factors of 5614/((-20)/(-20 - -10))?
7, 401
Let b be 0/(-4 + 1)*-1. Suppose 7*r + 46 + 24 = b. List the prime factors of (-356)/r + 4/10.
2, 3
Suppose -6*z = -2*z - 52. Suppose 0 = -10*f + z*f - 336. Suppose -f = -2*i + 56. List the prime factors of i.
2, 3, 7
Let o = 3885 + -2657. What are the prime factors of o?
2, 307
Let h = 38 - 40. What are the prime factors of 2 + -2 - (0 + h + -99)?
101
Suppose 3*h - 18 = -0*k + 2*k, k - h = -7. Let n = k + 5. List the prime factors of (n/(-8))/(2/(-16)).
2
Let i(y) = y**2 - 5*y + 162. List the prime factors of i(-13).
2, 3, 11
Let q(x) = -x**3 + 14*x**2 + 6*x + 25. What are the prime factors of q(14)?
109
Suppose -8*i + 3605 - 1285 = 0. What are the prime factors of i?
2, 5, 29
Suppose 7*j = 2*j + 115. Let o = 27 - j. What are the prime factors of 985/20 + o/(-16)?
7
Let w = 162 - 90. Suppose -452 = -4*r + w. What are the prime factors of r?
131
Let k(q) = -4*q - 4. Let u be k(3). Let n be ((-36)/u)/(3/(-8)). What are the prime factors of ((-13)/(-3))/(n/(-18))?
13
Let o be 140 + 3 + -6 + 4. Suppose y - o = -2*y. List the prime factors of y.
47
Let h(k) = -73*k. Let a be h(-4). Suppose -2*s = l - 68, 5*l + 3*s = 5*s + a. What are the prime factors of l?
2, 3, 5
Let i = 26 + -21. Suppose -5*o + 351 = -c - 40, -3*o + i*c + 239 = 0. List the prime factors of o.
2, 3, 13
Suppose 28*g - 59445 - 1623 = 0. What are the prime factors of g?
3, 727
Let z(y) = 2*y**3 - 22*y**2 - 67*y - 40. What are the prime factors of z(18)?
2, 5, 7, 47
Suppose 29360 = 17*n - 33727. List the prime factors of n.
3, 1237
List the prime factors of ((-80)/50)/((-2)/1755).
2, 3, 13
Suppose 3*y + y = -5*f + 20, 4*f - 16 = -5*y. Suppose 4*i - 39 = 4*v + 17, 0 = -f*i + 5*v + 54. What are the prime factors of i?
2
Let g = 358 + 259. List the prime factors of g.
617
Let s(t) = 9*t**2 - 2*t - 2. Let o be s(2). Let f be 2 - (-4)/(-6)*-3. Suppose -2*m - 3 + 7 = 0, o = 2*x + f*m. List the prime factors of x.
11
Suppose -13 = 23*n - 24*n. Let z = 29 - n. What are the prime factors of z?
2
List the prime factors of 1 + -1 + (-4)/12*-3231.
3, 359
Let s(g) = -21*g - 9. Let a be s(-17). Suppose -5*f + f = -a. What are the prime factors of f?
3, 29
Suppose -15 = -4*r - 3. Suppose j + 72 = c + 5, -3*j = r*c - 177. List the prime factors of c + 2 + -2 + -1.
2, 31
Let z = -512 - -780. What are the prime factors of z?
2, 67
Suppose 7 - 6 = -p, 0 = t + 2*p - 695. List the prime factors of t.
17, 41
Let l = 5 - 11. What are the prime factors of 39*(l/2)/(-3)?
3, 13
Suppose -r = 3*x - 2092, 2*x + 5*r - 8*r - 1402 = 0. What are the prime factors of x?
2, 349
Suppose -3*t = 2 - 8. Suppose -12 = -2*w + 2*m, -8*m - 15 = -3*m. Suppose t*n + w*d - 128 = 0, -3*n + d - 307 = -8*n. List the prime factors of n.
61
Let d(w) = -w**3 + w**2 - 13*w - 19. List the prime factors of d(-7).
2, 29
Let b(p) = -p + 15. Let g be b(15). Suppose 5*r + k - 410 = 6*k, g = -4*r + 5*k + 330. What are the prime factors of r?
2, 5
Let o be -4 - (-1 - 12/(-4)). Let h be (-3)/(-2 - 10/o). Suppose h*j - 4*j - 110 = 0. What are the prime factors of j?
2, 11
Let q be (-284)/36 - 1/9. What are the prime factors of (-54)/(-8) - 2/q?
7
Let t(s) = -s**3 + 10*s**2 - 7*s + 1. Let c be t(9). Let f = 26 - c. Suppose 9*y - f*y - 84 = 0. List the prime factors of y.
2, 3, 7
Suppose -4*y + 3*p - 33 = 0, 5*y - 3*p - 10 = -49. Suppose 3*i - 5 = 3*l - 2, 11 = -i - 2*l. What are the prime factors of ((-44)/i)/((-2)/y)?
2, 11
Suppose -w - 3*x - 58